[INFO] cloning repository https://github.com/efyang/physics-sim
[INFO] running `Command { std: "git" "-c" "credential.helper=" "-c" "credential.helper=/workspace/cargo-home/bin/git-credential-null" "clone" "--bare" "https://github.com/efyang/physics-sim" "/workspace/cache/git-repos/https%3A%2F%2Fgithub.com%2Fefyang%2Fphysics-sim", kill_on_drop: false }`
[INFO] [stderr] Cloning into bare repository '/workspace/cache/git-repos/https%3A%2F%2Fgithub.com%2Fefyang%2Fphysics-sim'...
[INFO] running `Command { std: "git" "rev-parse" "HEAD", kill_on_drop: false }`
[INFO] [stdout] a99480341be60596ac2188acab7e6c97f3b844b7
[INFO] checking efyang/physics-sim against master#cfbc6d4cf1acbac5c025acf8ed68929caa551df3 for pr-75494-beta
[INFO] running `Command { std: "git" "clone" "/workspace/cache/git-repos/https%3A%2F%2Fgithub.com%2Fefyang%2Fphysics-sim" "/workspace/builds/worker-9/source", kill_on_drop: false }`
[INFO] [stderr] Cloning into '/workspace/builds/worker-9/source'...
[INFO] [stderr] done.
[INFO] validating manifest of git repo https://github.com/efyang/physics-sim on toolchain cfbc6d4cf1acbac5c025acf8ed68929caa551df3
[INFO] running `Command { std: "/workspace/cargo-home/bin/cargo" "+cfbc6d4cf1acbac5c025acf8ed68929caa551df3" "read-manifest" "--manifest-path" "Cargo.toml", kill_on_drop: false }`
[INFO] started tweaking git repo https://github.com/efyang/physics-sim
[INFO] finished tweaking git repo https://github.com/efyang/physics-sim
[INFO] tweaked toml for git repo https://github.com/efyang/physics-sim written to /workspace/builds/worker-9/source/Cargo.toml
[INFO] crate git repo https://github.com/efyang/physics-sim already has a lockfile, it will not be regenerated
[INFO] running `Command { std: "/workspace/cargo-home/bin/cargo" "+cfbc6d4cf1acbac5c025acf8ed68929caa551df3" "fetch" "--locked" "--manifest-path" "Cargo.toml", kill_on_drop: false }`
[INFO] running `Command { std: "docker" "create" "-v" "/var/lib/crater-agent-workspace/builds/worker-9/target:/opt/rustwide/target:rw,Z" "-v" "/var/lib/crater-agent-workspace/builds/worker-9/source:/opt/rustwide/workdir:ro,Z" "-v" "/var/lib/crater-agent-workspace/cargo-home:/opt/rustwide/cargo-home:ro,Z" "-v" "/var/lib/crater-agent-workspace/rustup-home:/opt/rustwide/rustup-home:ro,Z" "-e" "SOURCE_DIR=/opt/rustwide/workdir" "-e" "CARGO_TARGET_DIR=/opt/rustwide/target" "-e" "CARGO_HOME=/opt/rustwide/cargo-home" "-e" "RUSTUP_HOME=/opt/rustwide/rustup-home" "-w" "/opt/rustwide/workdir" "-m" "1610612736" "--user" "0:0" "--network" "none" "rustops/crates-build-env@sha256:a636fd89d022f18117e1dc8fb37a0a009933cdbbe082814857f0e2024962d47c" "/opt/rustwide/cargo-home/bin/cargo" "+cfbc6d4cf1acbac5c025acf8ed68929caa551df3" "metadata" "--no-deps" "--format-version=1", kill_on_drop: false }`
[INFO] [stdout] 381a0690b025ce05759b2c8158ff6369264603568549a3218b06271859d78a14
[INFO] [stderr] WARNING: Your kernel does not support swap limit capabilities or the cgroup is not mounted. Memory limited without swap.
[INFO] running `Command { std: "docker" "start" "-a" "381a0690b025ce05759b2c8158ff6369264603568549a3218b06271859d78a14", kill_on_drop: false }`
[INFO] running `Command { std: "docker" "inspect" "381a0690b025ce05759b2c8158ff6369264603568549a3218b06271859d78a14", kill_on_drop: false }`
[INFO] running `Command { std: "docker" "rm" "-f" "381a0690b025ce05759b2c8158ff6369264603568549a3218b06271859d78a14", kill_on_drop: false }`
[INFO] [stdout] 381a0690b025ce05759b2c8158ff6369264603568549a3218b06271859d78a14
[INFO] running `Command { std: "docker" "create" "-v" "/var/lib/crater-agent-workspace/builds/worker-9/target:/opt/rustwide/target:rw,Z" "-v" "/var/lib/crater-agent-workspace/builds/worker-9/source:/opt/rustwide/workdir:ro,Z" "-v" "/var/lib/crater-agent-workspace/cargo-home:/opt/rustwide/cargo-home:ro,Z" "-v" "/var/lib/crater-agent-workspace/rustup-home:/opt/rustwide/rustup-home:ro,Z" "-e" "SOURCE_DIR=/opt/rustwide/workdir" "-e" "CARGO_TARGET_DIR=/opt/rustwide/target" "-e" "CARGO_INCREMENTAL=0" "-e" "RUST_BACKTRACE=full" "-e" "RUSTFLAGS=--cap-lints=forbid" "-e" "CARGO_HOME=/opt/rustwide/cargo-home" "-e" "RUSTUP_HOME=/opt/rustwide/rustup-home" "-w" "/opt/rustwide/workdir" "-m" "1610612736" "--user" "0:0" "--network" "none" "rustops/crates-build-env@sha256:a636fd89d022f18117e1dc8fb37a0a009933cdbbe082814857f0e2024962d47c" "/opt/rustwide/cargo-home/bin/cargo" "+cfbc6d4cf1acbac5c025acf8ed68929caa551df3" "check" "--frozen" "--all" "--all-targets" "--message-format=json", kill_on_drop: false }`
[INFO] [stderr] WARNING: Your kernel does not support swap limit capabilities or the cgroup is not mounted. Memory limited without swap.
[INFO] [stdout] a9a8803a3a9d9129b0ec5fe4c27342b9af1cdff05f6c7510758cf95a62fa20e7
[INFO] running `Command { std: "docker" "start" "-a" "a9a8803a3a9d9129b0ec5fe4c27342b9af1cdff05f6c7510758cf95a62fa20e7", kill_on_drop: false }`
[INFO] [stderr]     Checking physics-sim v0.1.0 (/opt/rustwide/workdir)
[INFO] [stdout] error[E0554]: `#![feature]` may not be used on the beta release channel
[INFO] [stdout]  --> benches/vector.rs:1:1
[INFO] [stdout]   |
[INFO] [stdout] 1 | #![feature(test)]
[INFO] [stdout]   | ^^^^^^^^^^^^^^^^^
[INFO] [stdout] 
[INFO] [stdout] 
[INFO] [stdout] error: aborting due to previous error
[INFO] [stdout] 
[INFO] [stdout] 
[INFO] [stdout] For more information about this error, try `rustc --explain E0554`.
[INFO] [stdout] 
[INFO] [stderr] error: could not compile `physics-sim`.
[INFO] [stderr] 
[INFO] [stderr] To learn more, run the command again with --verbose.
[INFO] [stderr] warning: build failed, waiting for other jobs to finish...
[INFO] [stdout] error[E0554]: `#![feature]` may not be used on the beta release channel
[INFO] [stdout]  --> benches/universe.rs:1:1
[INFO] [stdout]   |
[INFO] [stdout] 1 | #![feature(test)]
[INFO] [stdout]   | ^^^^^^^^^^^^^^^^^
[INFO] [stdout] 
[INFO] [stdout] 
[INFO] [stdout] error[E0061]: this function takes 4 arguments but 3 arguments were supplied
[INFO] [stdout]   --> benches/universe.rs:17:33
[INFO] [stdout]    |
[INFO] [stdout] 17 |             universe.add_object(Object::new(OBJECT_MASS, Vector::default(), Point::new(i as f64 * SPACING, i as f64 * SPACING)));
[INFO] [stdout]    |                                 ^^^^^^^^^^^ -----------  -----------------  -------------------------------------------------- supplied 3 arguments
[INFO] [stdout]    |                                 |
[INFO] [stdout]    |                                 expected 4 arguments
[INFO] [stdout] 
[INFO] [stdout] 
[INFO] [stdout] error[E0061]: this function takes 4 arguments but 3 arguments were supplied
[INFO] [stdout]   --> benches/universe.rs:27:33
[INFO] [stdout]    |
[INFO] [stdout] 27 |             universe.add_object(Object::new(OBJECT_MASS, Vector::default(), Point::new(i as f64 * SPACING, i as f64 * SPACING)));
[INFO] [stdout]    |                                 ^^^^^^^^^^^ -----------  -----------------  -------------------------------------------------- supplied 3 arguments
[INFO] [stdout]    |                                 |
[INFO] [stdout]    |                                 expected 4 arguments
[INFO] [stdout] 
[INFO] [stdout] 
[INFO] [stdout] error: aborting due to 3 previous errors
[INFO] [stdout] 
[INFO] [stdout] 
[INFO] [stdout] Some errors have detailed explanations: E0061, E0554.
[INFO] [stdout] 
[INFO] [stdout] For more information about an error, try `rustc --explain E0061`.
[INFO] [stdout] 
[INFO] [stderr] error: build failed
[INFO] running `Command { std: "docker" "inspect" "a9a8803a3a9d9129b0ec5fe4c27342b9af1cdff05f6c7510758cf95a62fa20e7", kill_on_drop: false }`
[INFO] running `Command { std: "docker" "rm" "-f" "a9a8803a3a9d9129b0ec5fe4c27342b9af1cdff05f6c7510758cf95a62fa20e7", kill_on_drop: false }`
[INFO] [stdout] a9a8803a3a9d9129b0ec5fe4c27342b9af1cdff05f6c7510758cf95a62fa20e7
